{"version":"1.0","provider_name":"Oeildupeuple224","provider_url":"https:\/\/oeildupeuple224.com","author_name":"Bolokada","author_url":"https:\/\/oeildupeuple224.com\/index.php\/author\/bolokada\/","title":"Soudan : la guerre prive huit millions d\u2019enfants d\u2019\u00e9cole - Oeildupeuple224","type":"rich","width":600,"height":338,"html":"<blockquote class=\"wp-embedded-content\" data-secret=\"eudy8hVxWn\"><a href=\"https:\/\/oeildupeuple224.com\/index.php\/soudan-la-guerre-prive-huit-millions-denfants-decole\/\">Soudan : la guerre prive huit millions d\u2019enfants d\u2019\u00e9cole<\/a><\/blockquote><iframe sandbox=\"allow-scripts\" security=\"restricted\" src=\"https:\/\/oeildupeuple224.com\/index.php\/soudan-la-guerre-prive-huit-millions-denfants-decole\/embed\/#?secret=eudy8hVxWn\" width=\"600\" height=\"338\" title=\"\u00ab\u00a0Soudan : la guerre prive huit millions d\u2019enfants d\u2019\u00e9cole\u00a0\u00bb &#8212; Oeildupeuple224\" data-secret=\"eudy8hVxWn\" frameborder=\"0\" marginwidth=\"0\" marginheight=\"0\" scrolling=\"no\" class=\"wp-embedded-content\"><\/iframe><script type=\"text\/javascript\">\n\/* <![CDATA[ *\/\n\/*! This file is auto-generated *\/\n!function(d,l){\"use strict\";l.querySelector&&d.addEventListener&&\"undefined\"!=typeof URL&&(d.wp=d.wp||{},d.wp.receiveEmbedMessage||(d.wp.receiveEmbedMessage=function(e){var t=e.data;if((t||t.secret||t.message||t.value)&&!\/[^a-zA-Z0-9]\/.test(t.secret)){for(var s,r,n,a=l.querySelectorAll('iframe[data-secret=\"'+t.secret+'\"]'),o=l.querySelectorAll('blockquote[data-secret=\"'+t.secret+'\"]'),c=new RegExp(\"^https?:$\",\"i\"),i=0;i<o.length;i++)o[i].style.display=\"none\";for(i=0;i<a.length;i++)s=a[i],e.source===s.contentWindow&&(s.removeAttribute(\"style\"),\"height\"===t.message?(1e3<(r=parseInt(t.value,10))?r=1e3:~~r<200&&(r=200),s.height=r):\"link\"===t.message&&(r=new URL(s.getAttribute(\"src\")),n=new URL(t.value),c.test(n.protocol))&&n.host===r.host&&l.activeElement===s&&(d.top.location.href=t.value))}},d.addEventListener(\"message\",d.wp.receiveEmbedMessage,!1),l.addEventListener(\"DOMContentLoaded\",function(){for(var e,t,s=l.querySelectorAll(\"iframe.wp-embedded-content\"),r=0;r<s.length;r++)(t=(e=s[r]).getAttribute(\"data-secret\"))||(t=Math.random().toString(36).substring(2,12),e.src+=\"#?secret=\"+t,e.setAttribute(\"data-secret\",t)),e.contentWindow.postMessage({message:\"ready\",secret:t},\"*\")},!1)))}(window,document);\n\/\/# sourceURL=https:\/\/oeildupeuple224.com\/wp-includes\/js\/wp-embed.min.js\n\/* ]]> *\/\n<\/script>\n","thumbnail_url":"https:\/\/oeildupeuple224.com\/wp-content\/uploads\/2026\/01\/1024x576-cmsv2-e1e708d7-301f-534f-b4d8-0d77112f798e-9556083.jpg","thumbnail_width":1024,"thumbnail_height":576,"description":"Au Soudan, la guerre prive des millions d\u2019enfants de leur droit fondamental \u00e0 l\u2019\u00e9ducation. Selon l\u2019ONG Save the Children, plus de huit millions d\u2019\u00e9coliers n\u2019ont pas remis les pieds \u00e0 l\u2019\u00e9cole depuis pr\u00e8s de 500 jours. &nbsp; Cela repr\u00e9sente pr\u00e8s de la moiti\u00e9 des 17 millions d\u2019enfants en \u00e2ge scolaire dans le pays. L\u2019ONG parle [&hellip;]"}

Soudan : la guerre prive huit millions d’enfants d’école - Oeildupeuple224

<blockquote class="wp-embedded-content" data-secret="eudy8hVxWn"><a href="https://oeildupeuple224.com/index.php/soudan-la-guerre-prive-huit-millions-denfants-decole/">Soudan : la guerre prive huit millions d’enfants d’école</a></blockquote><iframe sandbox="allow-scripts" security="restricted" src="https://oeildupeuple224.com/index.php/soudan-la-guerre-prive-huit-millions-denfants-decole/embed/#?secret=eudy8hVxWn" width="600" height="338" title="« Soudan : la guerre prive huit millions d’enfants d’école » &#8212; Oeildupeuple224" data-secret="eudy8hVxWn" frameborder="0" marginwidth="0" marginheight="0" scrolling="no" class="wp-embedded-content"></iframe><script type="text/javascript">
/* <![CDATA[ */
/*! This file is auto-generated */
!function(d,l){"use strict";l.querySelector&&d.addEventListener&&"undefined"!=typeof URL&&(d.wp=d.wp||{},d.wp.receiveEmbedMessage||(d.wp.receiveEmbedMessage=function(e){var t=e.data;if((t||t.secret||t.message||t.value)&&!/[^a-zA-Z0-9]/.test(t.secret)){for(var s,r,n,a=l.querySelectorAll('iframe[data-secret="'+t.secret+'"]'),o=l.querySelectorAll('blockquote[data-secret="'+t.secret+'"]'),c=new RegExp("^https?:$","i"),i=0;i<o.length;i++)o[i].style.display="none";for(i=0;i<a.length;i++)s=a[i],e.source===s.contentWindow&&(s.removeAttribute("style"),"height"===t.message?(1e3<(r=parseInt(t.value,10))?r=1e3:~~r<200&&(r=200),s.height=r):"link"===t.message&&(r=new URL(s.getAttribute("src")),n=new URL(t.value),c.test(n.protocol))&&n.host===r.host&&l.activeElement===s&&(d.top.location.href=t.value))}},d.addEventListener("message",d.wp.receiveEmbedMessage,!1),l.addEventListener("DOMContentLoaded",function(){for(var e,t,s=l.querySelectorAll("iframe.wp-embedded-content"),r=0;r<s.length;r++)(t=(e=s[r]).getAttribute("data-secret"))||(t=Math.random().toString(36).substring(2,12),e.src+="#?secret="+t,e.setAttribute("data-secret",t)),e.contentWindow.postMessage({message:"ready",secret:t},"*")},!1)))}(window,document);
//# sourceURL=https://oeildupeuple224.com/wp-includes/js/wp-embed.min.js
/* ]]> */
</script>

Au Soudan, la guerre prive des millions d’enfants de leur droit fondamental à l’éducation. Selon l’ONG Save the Children, plus de huit millions d’écoliers n’ont pas remis les pieds à l’école depuis près de 500 jours. &nbsp; Cela représente près de la moitié des 17 millions d’enfants en âge scolaire dans le pays. L’ONG parle [&hellip;]
